common factor of q and 288.
36
Suppose 0 = 5*w - 3*u - 10, w - u - 2 = -0*w. Let q be -2 - (0 - 0 - w). Suppose -8*t + 2*t + 132 = q. Calculate the highest common factor of 176 and t.
22
Suppose 68*v - 70*v + 2*a + 756 = 0, 2*a - 378 = -v. Calculate the greatest common factor of 2835 and v.
189
Suppose 2*h - 9 = 5*h, 2*d = h + 71. Let y = d + -22. Let c = -340 + 364. What is the highest common factor of y and c?
12
Let p be -1 - -10*1/2. Let o(i) = i**2 + 4*i - 3. Let w be o(p). Suppose -y + 0*y - 432 = -5*x, -x = 3*y - 96. What is the greatest common divisor of w and x?
29
Let u(h) = 8*h - 148. Let n be u(31). Suppose -8 - n = -2*d. Calculate the greatest common divisor of 144 and d.
18
Suppose 5*l = 4*v + 5241, -4164 = -4*l - 21*v + 17*v. Calculate the greatest common factor of 8569 and l.
209
Let b(q) = -2*q**2 + 10*q + 12. Let r be b(5). Suppose 17*i - 140 = r*i. What is the highest common divisor of i and 14?
14
Let o be 27/((-189)/406)*(-30)/(-4). Let u = o + 460. What is the highest common divisor of 100 and u?
25
Suppose -132*t + 266 = -82*t - 684. What is the greatest common divisor of 817 and t?
19
Let u = 0 - -5. Suppose -u*m - 4*j = 0, -4*m = 5*j - 8 - 1. Let i be m/(-10) - 1320/(-75). What is the highest common factor of i and 12?
6
Let a(r) = -69 - 10*r - 61 + 52 - 107. Let b be a(-19). What is the highest common factor of 270 and b?
5
Let r(k) = 66 + 46 + 42 - 7 - 4*k. Let o be r(-24). What is the highest common factor of 81 and o?
81
Let w = 414 + -416. Let k(b) = 78*b**2 + 11*b + 6. Let n be k(w). Calculate the highest common divisor of n and 24.
8
Suppose 17877 = -238*l - 118*l + 231477. What is the highest common factor of l and 264?
24
Let u = -49 - -49. Suppose u = -5*z + 3*b + 245, 3 + 7 = 2*b. Suppose -2*v + 102 = n + 14, -4*n - 3*v + 327 = 0. Calculate the highest common factor of z and n.
26
Let z(w) = 5*w + 2. Let o(a) = -9*a - 4. Let j(g) = -2*o(g) - 5*z(g). Let i be j(-4). Calculate the highest common divisor of 26 and i.
26
Let p = -4667 - -7202. Calculate the greatest common divisor of p and 39.
39
Let v(u) = 24*u + 685. Let k be v(-27). Calculate the highest common divisor of k and 1961.
37
Suppose r - 5*n - 26 = 0, -2*r - 81 = -n - 97. Suppose -78 = -5*b + 3*y, 4*b + 0*b - y = 68. Calculate the greatest common factor of r and b.
6
Suppose -31*k + 8 = -30*k. Let o(f) = -f**3 + 9*f**2 - 9*f - 7. Let i be o(k). Let x be 2*(-40)/6*18/i. What is the highest common divisor of 64 and x?
16
Suppose -2*g - 2*a = -172, -5*a = 145*g - 142*g - 252. Calculate the highest common divisor of 5251 and g.
89
Suppose -5*d + 293004 = 29*d - 191870. Calculate the greatest common factor of d and 26.
13
Let q = -9649 - -44103. What is the greatest common factor of 322 and q?
322
Let r(x) = -167*x + 1575. Let y be r(9). Calculate the greatest common factor of 1032 and y.
24
Let f = -6191 - -6219. What is the greatest common factor of f and 10612?
28
Let l(q) = 5*q**2 + 2*q + 2. Let u be l(4). Suppose 27*n = 914 + 598. Suppose n = 2*c - 4. Calculate the greatest common divisor of u and c.
30
Suppose -16*i - 3*l = -14*i + 44, -20 = 2*i - 3*l. Let f = 72 + i. What is the greatest common divisor of 308 and f?
28
Suppose -3 = 3*p, -o + 2*o = -5*p + 71. Let i be 171/6*(73/146)/(1/12). Calculate the greatest common divisor of i and o.
19
Suppose -2*b = -r + 349, 2*r - 733 + 39 = 5*b. What is the greatest common factor of r and 408?
51
Let r(t) = 19*t - 47. Let i = 36 + -28. Let j be r(i). Suppose 5*w + j = 855. What is the greatest common factor of 15 and w?
15
Suppose 117*q = 107*q + 3100. Calculate the highest common divisor of 40 and q.
10
Let m(o) = -4*o - 5*o + 46 + 7*o. Let l be m(14). Let u = 222 + -150. Calculate the highest common factor of l and u.
18
Let d(s) = s**3 + 17*s**2 + 3*s + 88. Let i be d(-17). Suppose -3*o = -5*g - 1 - i, o + 4*g = -10. What is the highest common factor of 192 and o?
6
Let k(y) = 4*y - 10. Let p be k(4). Let a be p/(0 - 2/7). Let v be (a + 1)*(-20)/8. What is the highest common factor of v and 10?
10
Let h be 2*7*3 + -2. Let p(o) = -2*o**3 + 7*o**2 + 3*o - 14. Let w be p(3). Suppose -38 - 2 = -w*x. Calculate the highest common factor of h and x.
10
Let n = 67 + -69. Let d be -12*(n/14)/((-22)/77). Let f be 6*(5/(-2) - -2 - d). What is the highest common divisor of f and 132?
33
Suppose -1991 - 2389 = -2*v. Let i be 6/14 + v/35. What is the highest common factor of i and 441?
63
Let i(w) = 7*w**2 - 38*w - 407. Let l be i(-21). What is the highest common divisor of l and 94?
94
Let g be 29/((-10)/(-65) - -2*(-1330)/17628). What is the highest common factor of 87 and g?
87
Suppose 3*w = -15*w + 108. Let b(z) = z**3 + 6*z**2 - 18*z + 16. Let c be b(8). Calculate the greatest common factor of w and c.
6
Let r(n) = 3*n**3 - 39*n**2 + 3*n - 15. Let t be r(13). Suppose 3*v = 3*g, g - t = -4*v + 1. Calculate the highest common factor of 65 and v.
5
Suppose 0 = -14*b - 11*b + 15000. Let o = b - 580. What is the highest common factor of 390 and o?
10
Let v = 270 - 418. Let z = v + 186. Calculate the highest common factor of z and 95.
19
Let r be 29*((-65)/(-91) - (-4)/14). Suppose r = 4*n + 5. Calculate the greatest common factor of n and 32.
2
Suppose 5*u + 1 = 11. Let g be 2*4*25/50. Let d be (((-45)/g)/(-9))/(u/304). Calculate the greatest common factor of 38 and d.
38
Let g be (80/120)/((-2)/(-9447)). What is the greatest common factor of 67 and g?
67
Let h(a) = -a**3 - a**2 + 40*a + 62. Let f be h(6). What is the greatest common factor of f and 176?
2
Suppose 0 = -a - 6*u - 8, 13*a - 15*a - 2*u = -14. Let m = -9 - -39. What is the highest common divisor of a and m?
10
Let g be ((-258)/8 - 0)/(7/(-1400)*15). Calculate the greatest common divisor of 60 and g.
10
Let l(i) = -25 + 4*i**2 + 11*i + 9 + i**3 - 14*i**2. Let y be l(9). Calculate the highest common factor of 32 and y.
2
Let d(p) = p**2 + 61*p - 663. Let x be d(-75). Calculate the greatest common divisor of x and 301.
43
Let z be 132/20*425/51. Let v be (-1)/(-6) - (-3957)/18. What is the greatest common factor of v and z?
55
Let f be 1 + 20/8 - 3/(-2). Suppose m - 4*c - 19 - 20 = 0, -20 = f*c. Calculate the highest common factor of 207 and m.
23
Let q be (1 - -2)/(-1*(-2)/22). Suppose 0 = -3*l - 2*y + q, -3*l - 2*l = 4*y - 57. Suppose -r + 6 + l = 0. What is the greatest common factor of 45 and r?
15
Let p be (3 + 81)/(-7)*(-2)/4. Suppose 16 = 2*i + 5*d - p, 0 = i + 3*d - 12. Calculate the greatest common factor of 51 and i.
3
Suppose 2*d - 3 = -3*w, d = 4*w - 0*w - 15. Let b be w/(21/(-14)) - (-343 - 0). Calculate the greatest common factor of b and 11.
11
Let g(q) = -2*q**2 + 31*q - 34. Let b be g(20). Let r = 76 - b. What is the greatest common factor of 174 and r?
58
Let l(f) = f**2 - 16. Let q be l(0). Let m be q + 19 + (-1)/(-1) + -1. Suppose -m*v + 18 + 3 = 0. What is the greatest common divisor of 21 and v?
7
Let f be (-37)/(-5) - (-2)/(-5). Let c be -6*((2816/12)/(-4) - 1). Let v = c + -357. What is the greatest common factor of f and v?
1
Suppose 7 = 4*l - 5*x - 1, x - 8 = -4*l. Suppose -6*h + 55 = l*d - 3*h, d - 3*h = 23. Let c = -59 - -85. What is the greatest common factor of c and d?
26
Let y = 0 + 5. Suppose 8 = -2*n - y*w, -4*w - 4 = 2*n - 0*w. Calculate the greatest common divisor of n and 12.
6
Suppose 4*c = 5*k + 89, -3*c + 55*k - 52*k = -66. What is the greatest common divisor of 1316 and c?
7
Suppose 155*w - 158*w + 15 = 0, 0 = -3*i + 2*w + 611. Calculate the highest common factor of i and 324.
9
Suppose -5*a + 92 + 174 = 36. Calculate the highest common factor of 529 and a.
23
Suppose 33*o + 92 = 158. Suppose 4*i = -l + 2721, 1365 = 3*i - i + 5*l. Let c be i/(2 + o) - -1. Calculate the highest common factor of c and 19.
19
Suppose 5*o - 3*v = 91, 0 = -v - 3 + 1. What is the greatest common factor of 6103 and o?
17
Suppose 0 = -2*t - m - 4, -m - 4 = -2*t. Suppose -5*d + 3*q + q + 23 = 0, -3*q - 6 = 0. Suppose t*u + 147 = d*u. What is the highest common factor of 7 and u?
7
Let r be (-4 + (-24)/(-16))*(-18)/(-5). Let j be (-1 - r)/(-8) + 3. Calculate the greatest common factor of j and 8.
2
Let b = 1648 - 1634. Calculate the highest common divisor of b and 11746.
14
Let b(z) = 46*z + 894. Let q be b(-16). What is the greatest co